nits digit of x?
7
Let y(m) be the third derivative of 0*m + 0 + 1/8*m**4 - 13/6*m**3 - 6*m**2. What is the tens digit of y(10)?
1
Let y(c) = -12*c**3 - 7*c**2 - 3*c - 5. What is the hundreds digit of y(-4)?
6
Suppose -57*d + 62*d = 1255. What is the tens digit of d?
5
Let k(j) = -2*j**2 + 11*j - 3. Let d be k(3). Let t = 28 + d. What is the units digit of t?
0
Suppose 283 + 49 = 2*d. Let y = d - 110. What is the tens digit of y?
5
Let w(b) = -84*b + 337. What is the hundreds digit of w(-10)?
1
Suppose 0 = 3*u - a - 323, 5*u = -0*u + a + 537. Let w = -63 + u. What is the units digit of w?
4
Suppose 2*a + 10 = 0, -2*l + l - 19 = 3*a. Let w(r) = r**2 - 6*r - 2. What is the tens digit of w(l)?
3
Let c(y) = y**3 + 9*y**2 - 1. Let v be c(-9). Let n be ((-26)/8)/(v/4). Let m = 21 - n. What is the units digit of m?
8
Suppose -80 = -a + 24. Let x = -57 + a. What is the units digit of x?
7
Let s(k) = 6*k**2 + 12*k + 183. What is the tens digit of s(19)?
7
Suppose 3*t - 381 - 627 = 0. Suppose b + 0*b - t = -5*g, 0 = -2*b - g + 645. Suppose -5*p - 2*v - 111 = -b, 3*p + 2*v - 126 = 0. What is the units digit of p?
2
Let y = 371 + -287. What is the units digit of y?
4
Let f(r) = r + 3 + 3 - 3 + r. Let a be f(-2). Let q = a - -8. What is the units digit of q?
7
Let h = 6 - 4. Let f(p) = -3*p**2 + 8*p**2 + 2*p**2. What is the tens digit of f(h)?
2
Let z = -145 + 77. Let c = -35 - z. What is the tens digit of c?
3
Let c be (38/57)/((-2)/(-36)*4). Suppose 228 = 2*l - c*q, 3*l - 2*q = 44 + 308. What is the hundreds digit of l?
1
Let b = 1930 - 603. What is the units digit of b?
7
What is the units digit of 1/(5/(-98240)*-8)?
6
Let q = -112 + 67. Let a = -4 - q. Let r = -21 + a. What is the units digit of r?
0
Let q(n) = -n**3 - 3*n - 9. Let h be ((-40)/(-8))/(-4 - -3). What is the units digit of q(h)?
1
Let i = 2 + 1. What is the units digit of i*9/((-54)/(-80))?
0
Suppose c - 12 = -2*c. Let g(p) = -c + 3 + 5 + 3*p + p**2 - 2*p. What is the units digit of g(-5)?
4
Let l(k) = 3*k**2 - k. Let w be l(1). Suppose n + w*n = -45. What is the tens digit of 158/10 - 3/n?
1
Suppose 2*h + 7 = -5*h. Let f(i) = -68*i**3 + i**2 + 2*i + 2. What is the tens digit of f(h)?
6
Suppose -9 = 12*z - 201. Let d(h) = -h**3 + 15*h**2 + 21*h + 16. What is the units digit of d(z)?
6
Let w = 20 + -30. Let l be 69/(-15) + (-6)/w. What is the units digit of (l/(-4))/(1/35)?
5
Suppose 3*i + 2 = 3*s - 4, -5*s = -4*i - 11. What is the units digit of -1*((s - 100) + 3)?
4
Let i(x) = -x**3 - 20*x**2 - 37*x + 52. What is the tens digit of i(-21)?
7
Let d(r) be the third derivative of 13*r**4/24 - 41*r**3/6 - 3*r**2. What is the tens digit of d(12)?
1
Let x(w) be the second derivative of -w**5/20 - w**4/2 - w**3/3 - 5*w**2/2 - w. Suppose 3 = j, 0 = 5*o + 2*j + 21 + 8. What is the tens digit of x(o)?
5
Let v(i) = -i**2 + 12*i + 5. Let w be v(6). Let h = 109 - w. What is the tens digit of h?
6
Let u = 3921 - 1939. What is the tens digit of u?
8
Suppose 3*g = -4*l + 5562, -12*l = -3*g - 15*l + 5559. What is the tens digit of g?
5
Let d(h) = -h**3 - 4*h**2 + 6*h - 6. Let t be d(-5). Let i(l) = -5*l + 9. Let c(s) = 4*s - 8. Let r(x) = 6*c(x) + 5*i(x). What is the units digit of r(t)?
8
Let t(v) = 3*v**2 + 26*v + 75. What is the tens digit of t(-22)?
5
Suppose -u = -2*g - 2*g + 3, 5*u - 5*g = -15. Let j(t) = -2*t**3 + 3*t**2 - 4*t - 2. Let z be j(u). Suppose z = 4*r + 11. What is the units digit of r?
0
Suppose -270 = -d + 10*d. Let k = d + 77. What is the units digit of k?
7
Suppose -2*m = -3*m - 60. Let c = m + 102. What is the units digit of c?
2
Suppose -19*x - 100 = -21*x. Suppose -3*u - x = -5*u. What is the tens digit of u?
2
Let h(w) = -2*w**3 - 3*w**2 + 8*w - 12. Let x = -106 + 101. What is the hundreds digit of h(x)?
1
Let i be (-3 - 6/(-3)) + -17. Let q = i + 20. Suppose -3*h + 150 = q*h + 5*n, h = 5*n + 30. What is the units digit of h?
0
Suppose 71 - 1082 = -y. What is the hundreds digit of y?
0
Suppose 1065 = 5*h + 5*g, 2*h = 4*h + 4*g - 426. What is the units digit of h?
3
Let i = -3771 - -8113. What is the thousands digit of i?
4
Suppose 4*m - h = 260, 0*h + 2*h = m - 72. Suppose 5*v - m = 56. Suppose -i = -v + 7. What is the tens digit of i?
1
Let z(k) = 3*k - 12. Suppose -6*r + 2*r = -116. Let x = 41 - r. What is the tens digit of z(x)?
2
Suppose -4*h + 2*i = -616, -116 - 38 = -h + 3*i. What is the units digit of 12/24*h/1?
7
Let h = 119 - 32. What is the tens digit of h?
8
Let y = 4500 + -3178. What is the tens digit of y?
2
Let u(x) = -x**2 - 5*x. Let q be u(-5). Suppose -5*r + q*r = -10. Suppose 56 - 144 = -r*f. What is the units digit of f?
4
Let m = -16 + 23. Suppose m*g = 3*g + 160. What is the units digit of g?
0
Suppose -4*s = 4*w - 400, -5*w = 4*s - 586 + 90. What is the units digit of w?
6
Let o = -157 + 220. Suppose j - 13 = p, -5*p + 4*j - o = -0*p. Let k = p + 43. What is the units digit of k?
2
Suppose 0 = 8*t - 12219 - 6893. What is the tens digit of t?
8
Suppose -3*k - 9 + 3 = 0. Let a be 21/(-7) - (k - -2). What is the units digit of (2 - 3)/(a/27)?
9
Suppose -21*k + 7618 = -8*k. What is the units digit of k?
6
Let s(t) = -4*t - 10*t**2 + 11*t**2 + 8*t. Let p be s(-4). Suppose p = 3*y + 15, 3*g + g = -4*y + 60. What is the units digit of g?
0
Let p(z) = z**2 + 3*z + 5. Let j be p(-2). Suppose -164 = -3*r - f, -j*r + 0*r + 169 = -4*f. What is the units digit of r?
5
Suppose 85*l - 416 = 83*l. What is the tens digit of l?
0
Suppose -2*y + 11*d - 15*d + 1366 = 0, 2*y = d + 1376. What is the units digit of y?
7
Let j(u) = -u**3 + 6*u**2 + u + 9. Let h(l) = 3*l - 13. Let z be ((-2)/(-4))/(8/96). Let d be h(z). What is the tens digit of j(d)?
3
Suppose -2*p + 6*f = 11*f - 1033, 0 = 5*p + f - 2594. What is the hundreds digit of p?
5
Suppose -9*z + 2686 + 3587 = 0. What is the tens digit of z?
9
Suppose 3*j = 5 - 29. Let l = j + 22. Suppose 0 = 4*w - 4, w + l = 5*c + 5*w. What is the units digit of c?
2
What is the thousands digit of ((-1047)/8 + 1)*(38 + -46)?
1
Let h(f) = 34*f**2 + 6*f + 27. What is the tens digit of h(5)?
0
Suppose 0 = -0*m + m - 17. Let y = m - 16. Let h(i) = 23*i**3 - 2*i + 2. What is the units digit of h(y)?
3
Suppose 0*f + 22 = 11*f. What is the tens digit of (-1 - -11 - 2)/(f/32)?
2
Suppose -19*y + 24*y - 7410 = 0. Suppose 8*j - y + 210 = 0. What is the units digit of j?
9
Let n(l) = 4*l - 1. Let b(q) = 8*q**3 - 2*q**2 + q. Let y be b(1). Let a be y - (-2 + 6)/4. What is the tens digit of n(a)?
2
Suppose -18*v = -17*v - 4. Suppose -125 = -s - h, -v*h + 379 = 5*s - 2*s. What is the hundreds digit of s?
1
What is the hundreds digit of 715/(-99) + 7 - 63904/(-18)?
5
Suppose 0 = -5*d - 20, -d = 5*o + d - 27. Suppose 1156 = o*c + 183. What is the tens digit of c?
3
Let k = -787 - -1339. Suppose 8*w = k + 112. What is the units digit of w?
3
Let g(c) = -44*c**3 + 2*c**2 - 1. Let l be g(-1). Let s be 0 - (-3 + l/3). What is the tens digit of 3 + (-3 - -1 - s)?
1
Suppose 2*w = w - b + 43, 0 = 2*w - 5*b - 114. Suppose -9*v + 286 = -w. What is the tens digit of v?
3
Let u(o) = 15*o + 1240. What is the units digit of u(0)?
0
What is the hundreds digit of ((-6)/(-4))/(-12*2/(-10432))?
6
Let k be (2 + -3 + 1)*2/4. Suppose -4*f + 2*o + 318 = k, -2*o - 35 + 179 = 2*f. What is the units digit of f?
7
What is the tens digit of 3547/6 + (-34)/204?
9
Let z(s) = 3*s - 13. Let b(d) = d - 7. Let h(f) = 11*b(f) - 6*z(f). What is the units digit of h(-9)?
4
Let x = 2512 + -1567. What is the tens digit of x?
4
Let m be 704/(-14) + 1*6/21. What is the units digit of (-1080)/m - (-2)/5?
2
Suppose 2*y - 276 = -y. Let r = y - 27. Let d = r - 4. What is the units digit of d?
1
Let k(q) = q**2 + 7*q + 5. Let w(l) = -l**2 - 16*l - 30. Let m be w(-13). What is the hundreds digit of k(m)?
1
Let g = -129 - -271. What is the units digit of g?
2
Let w = -76 - -76. Suppose w = 5*i - 43 - 7. What is the units digit of i?
0
Suppose 2*i = 4*s - 10, 7*s - 3*i = 3*s + 11. What is the tens digit of s - 5/10*-106?
5
Let j be -3 + 3 + -2 - 86. Let q = -51 - j. What is the units digit of q?
7
Suppose -2*i + 3 + 1 = 0. Suppose -2*v + i + 2 = 0. What is the units digit of 2 - (v + 0 + -1)?
1
Let w = 954 + -590. What is the hundreds digit of w?
3
Let p(h) be the third derivative of -h**6/120 + h